4 + (-4)/(-22). Let f be 16/12*-3 - k. What is the tens digit of (-2 + -6)/(f/(-2))?
1
Let v = -11 - -13. Suppose v*q + 2*q = 24. Suppose -q*a + 5*a = -24. What is the tens digit of a?
2
Suppose 0 = -b - b - 144. Let d be 880/(-25) - 1/(-5). Let y = d - b. What is the units digit of y?
7
Suppose -6 + 15 = -3*m. Let h be (m - -1 - -2)/2. Suppose -x + 3*z - 13 = h, 3*x = 2*x - 2*z + 12. What is the units digit of x?
2
Suppose -2*p + 35 = -3*s - 4*p, 2*p - 30 = 2*s. Let j = 2 - 0. Let t = j - s. What is the tens digit of t?
1
Let d(r) = -r + 6. Let f be d(4). Suppose -2*l + k + 22 + 67 = 0, -f*k = 2. What is the units digit of l?
4
Suppose 0 = 5*h + 5*n - 20, n - 2 - 11 = -4*h. Suppose -10*f + h*f + 259 = 0. What is the tens digit of f?
3
Let o(d) = d**3 - 13*d**2 + 4*d - 20. Let q be o(14). Let r = q - 166. What is the units digit of r?
6
Suppose 4*i = -2*q - 6, 0*i - 3*i - 3*q - 3 = 0. Let l be 1/i*(5 - 11). Suppose -4*d + 3*r + 27 = 9, 5*d = -l*r + 36. What is the units digit of d?
6
Let s(t) = 7*t**2 + 6*t - 2. Suppose 5*p + 2*z + 8 = -1, 0 = 2*p - z + 9. What is the units digit of s(p)?
3
Suppose -2*r - 628 = -3*r - 4*z, 0 = -3*z - 6. What is the tens digit of r?
3
Suppose -21 = -2*n - 3. What is the tens digit of 93*((-12)/n)/(-2)?
6
Let h(w) = -12*w**3 + 3*w**2 + 3*w + 2. Let q be h(-2). Suppose -1 = -o + q. Suppose 4*d = 11 + o. What is the tens digit of d?
2
Suppose -5*g + 6 - 4 = 4*x, 0 = -5*g - 10. Suppose -w - 28 = x*w. Let v = w - -30. What is the tens digit of v?
2
Let p be (39/(-6) - -6)*-4. Suppose 3*n + n + 60 = 0. Let o = p - n. What is the units digit of o?
7
What is the units digit of ((-27)/2)/(5/(-280))?
6
Suppose 22*i = 16*i + 18. Suppose -3*v + 107 = k - 7*v, 0 = -3*k + i*v + 339. What is the tens digit of k?
1
Suppose 0 = -3*s, -5*p = -s + 2*s + 5. Let r = p - -19. What is the tens digit of r?
1
Suppose -12 = 2*c - 20. Suppose 3*v + v - 14 = -3*g, 2*g + 4*v = c. Let d(l) = 3*l - 11. What is the tens digit of d(g)?
1
Let o be (2/(-6))/((-3)/18). Suppose 0*p = -o*p. What is the tens digit of 3 - (-33 - p/5)?
3
Suppose -5*i + 105 = 5. Let g(x) = x + 2. Let o be g(1). Suppose -2*y + o*y = i. What is the tens digit of y?
2
Let w(z) = z**3 + 8*z**2 - 8*z - 17. Let q be w(-7). Suppose 3*s + s - q = -a, a - 5*s = 88. What is the tens digit of a?
8
Suppose 4*h + 2*q = -42, -2*h - 2*q + 19 = 45. What is the tens digit of ((-6)/h)/((-16)/(-1152))?
5
Let n(v) be the third derivative of v**6/120 + 19*v**5/60 - v**4/12 - v**3 + 12*v**2. What is the tens digit of n(-19)?
3
Suppose n + f - 331 = 0, 0 = 4*n + f - 2*f - 1309. What is the hundreds digit of n?
3
What is the hundreds digit of 4597 + (-13 - -25) + -2?
6
Suppose -36 + 119 = -5*c + o, 0 = 3*c + 2*o + 42. Let i = -13 - c. Let b = i - -9. What is the tens digit of b?
1
Let n(l) be the third derivative of -l**5/60 + l**4/2 + l**3/6 + 6*l**2. Let z be n(9). Suppose c = -c + z. What is the tens digit of c?
1
Let z(h) = 4*h + 14. Let s(c) = 8*c + 29. Let v(l) = -3*s(l) + 7*z(l). What is the tens digit of v(6)?
3
Let k(w) be the first derivative of w**4/12 - 13*w**3/6 + 7*w**2/2 - 3. Let u(t) be the second derivative of k(t). What is the units digit of u(16)?
9
Let v = 141 - 26. Let c = v + -50. What is the units digit of c?
5
Let v(o) = o**2 + 5*o + 14. Let m be v(-6). Suppose 135 = 5*d - m. What is the tens digit of d?
3
Suppose 5*q + 5 = -20. What is the units digit of ((-424)/10)/(((-6)/q)/(-3))?
6
Let p(j) be the first derivative of -j**4/4 + 4*j**3 - 15*j**2/2 + 14*j - 6. Let r be p(10). Let a = -20 + r. What is the tens digit of a?
4
Let x be 77/(-11)*(-2)/7. Suppose 2*p + 4*d + 24 = 0, x*d = -3*d + 20. What is the units digit of (144/30)/((-3)/p)?
2
Suppose -11*v = 2*v - 26. Suppose -4*x - 2*w = -428, -v*x + 2*w = -5*x + 323. What is the units digit of x?
5
What is the units digit of (-148)/(-2)*(-3)/(36/(-30))?
5
What is the hundreds digit of (42 - 6)/(-7*(-2)/259)?
6
Let x(v) = -3*v + 9*v - 3*v + 8*v - 3. What is the units digit of x(4)?
1
Let l(s) = -s**3 - 5*s**2 - 6*s - 5. Let t be l(-4). Suppose 2*k + 25 = t. Let b(q) = q**2 + 9*q - 9. What is the units digit of b(k)?
3
Let h(f) = f + 0*f + 3 + 0*f. Let g be h(-3). Suppose o - 3*y = -2, g = -2*o + 3*y + 2*y. What is the tens digit of o?
1
Let h = -24 + -18. Let w = 40 - h. Suppose 0 = 2*a + 3*m + 2*m - 24, w = 3*a - 4*m. What is the tens digit of a?
2
Let x = 606 - -134. What is the units digit of x?
0
Let w = -5 - -62. Suppose 5*u - 4*u - w = 0. What is the tens digit of u?
5
Let h(z) = 113*z**2 + 7*z - 7. What is the hundreds digit of h(2)?
4
Let c(m) = -m**2 - 4*m. Let n be c(-2). Suppose 0*y + y - 42 = n*r, -5*y = 3*r - 118. What is the units digit of y?
6
Let v be (4/(-8))/(2/12) - -52. Let a = v - -7. What is the units digit of a?
6
Let d be (-7)/21*39*1. Let u(f) = -5*f - 7. What is the units digit of u(d)?
8
Let n be ((-18)/(-24))/(2/384). Suppose 36*x = 33*x + n. What is the units digit of x?
8
Suppose -3*h - 2*h = -15. What is the units digit of (1 - (-9)/(-6))/(h/(-294))?
9
Let o(a) = a**2 - 27*a - 29. What is the units digit of o(33)?
9
Suppose 7*l + 0*l = -91. Let g = -2 - l. What is the units digit of g?
1
Let t(u) = u**3 - 11*u**2 - u + 5. Suppose s - 2*l = 5*s - 40, 4*s = 3*l + 50. Let y be t(s). What is the units digit of 2/y + 67/3?
2
Suppose 0 + 16 = 3*s - 2*x, s = -5*x - 23. Suppose s*c - 5*q - 13 = 0, -3*q - 8 = c + 2. What is the units digit of (-2*4 - c)/(-1)?
7
Let r(l) = l**3 + 21*l**2 + 21*l + 13. What is the tens digit of r(-15)?
4
Let y be 48*((3/2)/(-3))/(-1). Let p(n) = -n**2 + 24*n + 8. What is the units digit of p(y)?
8
Let w(g) = -g**2 + 62*g - 54. What is the hundreds digit of w(21)?
8
Suppose -4*d = -8*d + 1296. Let k = -218 + d. What is the units digit of k?
6
Let o(d) = d - 15. Suppose -g + 35 = 4*g. Let h be o(g). What is the units digit of (5 - 1)*(-26)/h?
3
What is the tens digit of (-2)/2*(-1 + -106 + 2)?
0
Let i(r) = 63*r**2 - 16*r + 3. What is the units digit of i(-2)?
7
Suppose 2*v + 241 - 9 = 0. Let y = v + 219. What is the hundreds digit of y?
1
Let i(h) = 23*h**2 - 9*h - 31. What is the tens digit of i(-5)?
8
Let k(i) = 3*i + 10. Let r(m) = -2*m - 5. Let n(w) = -2*k(w) - 5*r(w). Suppose -10 = -24*c + 22*c. What is the tens digit of n(c)?
2
Let n = 28 - 17. Let m = n + -11. Suppose m*j = -2*j + 26. What is the tens digit of j?
1
Let f be ((-20)/(-16))/(2/(-8)). Let c be (-20)/4*21/(-15). Let p = f + c. What is the units digit of p?
2
What is the units digit of (-7 - (-11 - 0)) + (555 - 1)?
8
Let f(w) = w - 3. Let p be f(3). Suppose 3*r + 3*y = 7*r - 676, -2*r - y + 338 = p. What is the tens digit of r?
6
Let p be ((-2)/(6/(-57)))/(4/4). Suppose 0*o = -3*o - 5*v + 44, -4 = 2*v. What is the tens digit of o/171 + 815/p?
4
Suppose 4*y = 3*g - 0*y + 127, -4*g = 3*y + 136. Let t = g - -92. What is the tens digit of t?
5
Let j(k) = 4*k**2 - k - 2. Let s(h) = -11*h**2 + 3*h + 6. Let l(m) = -8*j(m) - 3*s(m). What is the hundreds digit of l(11)?
1
Let y(v) = v**3 - 10*v**2 - v - 30. What is the tens digit of y(13)?
6
Let f(t) = 10*t**2 + 3*t - 4. Let n(g) = -g**3 + 8*g**2 + 8*g + 11. Let c be n(9). What is the units digit of f(c)?
2
Let l be -1 - ((3 - -1) + -5). Let k = 35 - l. What is the tens digit of k?
3
Let h = -7 + 1. Let x(t) be the first derivative of -t**2/2 + t + 2. What is the units digit of x(h)?
7
Suppose 4331 + 2803 = 41*j. What is the hundreds digit of j?
1
Let h = 17 - -414. What is the hundreds digit of h?
4
Suppose -356 - 424 = -4*c. Suppose -c = -5*y - 5*z, -80 - 67 = -4*y + 5*z. What is the tens digit of y?
3
Suppose 3*h - 4*a = -a + 273, 5*a = h - 75. Suppose 9 - h = -n. Suppose -3*q + n = -121. What is the tens digit of q?
6
Let b(r) = 37*r**2 + 44*r - 13. What is the units digit of b(7)?
8
Let a(h) = 3716*h**2 + 9*h - 6. What is the units digit of a(1)?
9
Suppose 2*x + 6 = 24. Let m be -24*(0 + (-3)/x). What is the tens digit of (-41)/(-2) + m/16?
2
Suppose 6 = 3*x - 0*x. Suppose -x*o + 5*g + 19 = -37, 4*g = 8. Suppose -5*h - z + 280 = o, -5*h - 4*z = -238. What is the units digit of h?
0
Let a(x) = -5*x**2 + x + 29. Let z(s) = 10*s**2 - s - 59. Let r(v) = -9*a(v) - 4*z(v). What is the units digit of r(-5)?
5
Suppose -5*x + 1649 = -1156. What is the hundreds